9470?
True
Does 1897 divide 20130964?
True
Is 623371 a multiple of 47?
False
Is 12589 a multiple of 3?
False
Is 1370166 a multiple of 114?
True
Is 12 a factor of 857064?
True
Does 52 divide 574600?
True
Does 16 divide 1338800?
True
Is 3820622 a multiple of 463?
False
Does 26 divide 1535373?
False
Is 139 a factor of 222961?
False
Is 165048 a multiple of 12?
True
Is 134 a factor of 38056?
True
Does 705 divide 2771015?
False
Is 327888 a multiple of 7?
False
Does 94 divide 1798404?
False
Does 31 divide 1421908?
True
Is 9 a factor of 372759?
False
Is 347970 a multiple of 35?
True
Is 1937916 a multiple of 12?
True
Is 2682 a multiple of 19?
False
Is 10 a factor of 40999?
False
Does 15 divide 285652?
False
Is 150 a factor of 2141880?
False
Is 122 a factor of 11676777?
False
Is 33 a factor of 112992?
True
Does 225 divide 476422?
False
Does 13 divide 7904?
True
Is 6 a factor of 51701?
False
Is 41594 a multiple of 3?
False
Is 207152 a multiple of 107?
True
Does 6 divide 869112?
True
Is 33223 even?
False
Does 514 divide 76839?
False
Is 269 a factor of 1076?
True
Is 8 a factor of 198016?
True
Is 232 a factor of 7002861?
False
Is 870203 a multiple of 474?
False
Does 230 divide 25109122?
False
Does 416 divide 2961504?
True
Is 94848 a multiple of 64?
True
Does 22 divide 314314?
True
Is 1646829 a multiple of 9?
True
Is 2163529 a multiple of 41?
True
Does 14 divide 12842?
False
Does 4 divide 1436641?
False
Does 173 divide 828324?
True
Is 35532 a multiple of 28?
True
Does 49 divide 3742496?
False
Does 60 divide 7781964?
False
Is 25 a factor of 161450?
True
Is 114 a factor of 3521660?
False
Is 621870 a multiple of 232?
False
Is 58 a factor of 24566?
False
Is 8 a factor of 4086744?
True
Does 7 divide 171045?
True
Is 317 a factor of 131737?
False
Is 426 a factor of 265824?
True
Is 4621832 a multiple of 36?
False
Does 43 divide 5977?
True
Is 352 a factor of 271156?
False
Is 85141 a multiple of 12?
False
Does 20 divide 3026060?
True
Does 13 divide 452819?
False
Is 101758 a multiple of 21?
False
Is 555104 a multiple of 176?
True
Is 1247925 a multiple of 525?
True
Does 15 divide 133965?
True
Is 5424 a multiple of 48?
True
Is 419 a factor of 704705?
False
Is 2093036 a multiple of 8?
False
Is 22 a factor of 194502?
True
Is 206891 even?
False
Does 216 divide 125928?
True
Is 6259810 a multiple of 67?
True
Does 345 divide 3183004?
False
Is 231 a factor of 221918?
False
Is 164925 a multiple of 3?
True
Is 5722515 a multiple of 15?
True
Does 9 divide 163639?
False
Is 336333 a multiple of 10?
False
Does 3 divide 5279596?
False
Is 66 a factor of 151780?
False
Is 304015 a multiple of 2?
False
Is 123 a factor of 1643403?
True
Is 7312810 a multiple of 218?
True
Does 44 divide 160336?
True
Does 10 divide 1208224?
False
Does 133 divide 1146593?
True
Is 205883 a multiple of 10?
False
Is 217293 a multiple of 6?
False
Is 12 a factor of 437815?
False
Is 75 a factor of 798656?
False
Is 5 a factor of 50710?
True
Is 277356 a multiple of 116?
True
Does 105 divide 5473230?
True
Is 57 a factor of 358?
False
Is 5 a factor of 2728890?
True
Does 33 divide 136869?
False
Is 35 a factor of 29860?
False
Does 155 divide 150505?
True
Is 8949610 a multiple of 101?
True
Is 429 a factor of 1422461?
False
Is 283 a factor of 153309?
False
Does 191 divide 12606?
True
Is 82 a factor of 271748?
True
Is 238041 a multiple of 81?
False
Does 35 divide 19007?
False
Is 266805 a multiple of 45?
True
Does 33 divide 446919?
True
Is 20101 a multiple of 31?
False
Is 183 a factor of 256999?
False
Is 12 a factor of 150580?
False
Is 13 a factor of 284489?
False
Does 367 divide 375491?
False
Is 5819172 a multiple of 12?
True
Is 6710452 a multiple of 2198?
False
Is 474556 a multiple of 952?
False
Is 311 a factor of 27358?
False
Does 195 divide 1410143?
False
Does 167 divide 174682?
True
Is 1368021 a multiple of 598?
False
Is 4250421 a multiple of 27?
True
Is 16 a factor of 24250?
False
Is 6 a factor of 151121?
False
Does 73 divide 142216?
False
Is 34 a factor of 657168?
False
Is 248551 a multiple of 199?
True
Does 71 divide 3039227?
False
Does 154 divide 489412?
True
Does 141 divide 66233?
False
Is 3376214 a multiple of 59?
False
Is 18 a factor of 435384?
True
Does 49 divide 4303724?
False
Is 2365773 a multiple of 29?
False
Is 203 a factor of 7435890?
True
Is 19371786 a multiple of 10?
False
Does 246 divide 533574?
True
Does 8 divide 2799952?
True
Is 284615 a multiple of 2?
False
Is 202664 a multiple of 77?
True
Is 572 a factor of 3512080?
True
Does 9 divide 322731?
True
Does 25 divide 267525?
True
Is 7 a factor of 951295?
False
Is 1858757 a multiple of 33?
False
Does 35 divide 387590?
True
Does 220 divide 411004?
False
Is 2770628 a multiple of 742?
True
Is 64 a factor of 551645?
False
Is 1161754 a multiple of 701?
False
Is 25 a factor of 1049876?
False
Is 2081900 a multiple of 764?
True
Is 46 a factor of 686274?
True
Does 101 divide 10460492?
False
Does 12 divide 1986524?
False
Is 28 a factor of 2174870?
False
Is 15236627 a multiple of 1117?
False
Is 93 a factor of 466728?
False
Is 155277 a multiple of 9?
True
Is 9151512 a multiple of 1101?
True
Is 288099 a multiple of 262?
False
Is 1510772 a multiple of 16?
False
Is 1212296 a multiple of 8?
True
Does 5 divide 402659?
False
Is 4515511 a multiple of 91?
True
Is 2072369 a multiple of 667?
True
Is 2340522 a multiple of 89?
True
Does 235 divide 133245?
True
Is 358296 a multiple of 578?
False
Does 539 divide 4282200?
False
Is 22 a factor of 654654?
True
Is 3284586 a multiple of 363?
False
Is 54 a factor of 398952?
True
Is 743194 a multiple of 62?
True
Does 705 divide 559065?
True
Is 13 a factor of 2952?
False
Does 75 divide 787500?
True
Does 59 divide 1696781?
True
Does 6 divide 335059?
False
Is 22 a factor of 111474?
True
Is 104 a factor of 400425?
False
Is 14279807 a multiple of 368?
False
Is 11 a factor of 1180497?
False
Is 80156 even?
True
Is 6 a factor of 284411?
False
Is 9135 a multiple of 7?
True
Is 3 a factor of 20837?
False
Is 940623 a multiple of 11?
False
Does 13 divide 2044556?
False
Is 913 a factor of 8714822?
False
Is 7360899 a multiple of 767?
True
Is 1150890 a multiple of 15?
True
Is 183 a factor of 10268037?
False
Is 226728 a multiple of 67?
True
Is 122 a factor of 34282?
True
Is 131238 a multiple of 54?
False
Is 890356 a multiple of 244?
True
Does 126 divide 1655136?
True
Is 175 a factor of 31602900?
True
Is 964511 a multiple of 28?
False
Does 10 divide 11140?
True
Is 215 a factor of 1476620?
True
Does 262 divide 687201?
False
Is 2711545 a multiple of 38?
False
Is 11764565 a multiple of 1438?
False
Is 24 a factor of 94248?
True
Is 45 a factor of 671625?
True
Does 127 divide 152908?
True
Does 135 divide 270675?
True
Is 54 a factor of 1451099?
False
Is 821219 a multiple of 8?
False
Does 302 divide 3067257?
False
Is 26 a factor of 35981?
False
Is 30 a factor of 461340?
True
Is 40 a factor of 95053?
False
Is 1406107 a multiple of 29?
False
Does 13 divide 1325285?
True
Is 46 a factor of 454135?
False
Does 540 divide 612988?
False
Is 390 a factor of 3384810?
True
Is 13525504 a multiple of 12?
False
Is 183810 a multiple of 15?
True
Is 3001362 a multiple of 526?
False
Does 380 divide 372020?
True
Is 486 a factor of 1380784?
False
Is 1581142 a multiple of 38?
True
Is 1530190 a multiple of 230?
True
Does 66 divide 192253?
False
Is 159647 a multiple of 22?
False
Is 2 a factor of 1224702?
True
Is 3558307 a multiple of 23?
True
Does 25 divide 380089?
False
Does 1165 divide 545220?
True
Is 699 a factor of 422196?
True
Is 161 a factor of 637077?
True
Is 631 a factor of 1435525?
True
Does 65 divide 5132910?
False
Is 399 a factor of 830924?
False
Does 47 divide 1303216?
True
Is 2808812 a multiple of 76?
False
Does 163 divide 105950?
True
Is 48 a factor of 74928?
True
Does 7 divide 10763?
False
Is 2289288 a multiple of 136?
True
Does 122 divide 213278?
False
Is 124803 a multiple of 21?
True
Is 1312332 a multiple of 15?
False
Is 148547 a multiple of 9?
False
Is 17 a factor of 3291965?
True
Is 1249325 a multiple of 116?
False
Is 814690 a multiple of 13?
False
Is 549 a factor of 2642886?
True
Is 9 a factor of 360802?
False
Is 199760 a multiple of 80?
True
Is 1623240 a multiple of 162?
True
Does 8 divide 242770?
False
Does 15 divide 116850?
True
Is 35 a factor of 383912?
False
I